f w?
1
Let m = 215 - 213. What is the hundreds digit of 30/(-20) - 2037/(-4)*m?
0
Let y(r) = -509*r + 835. What is the units digit of y(-31)?
4
Suppose -5*h + 34 - 2 = 3*m, 0 = h + 4*m - 20. Suppose 8*o = 44 - h. Suppose 0 = -3*t + 2*d - 3*d + 374, -o*d + 134 = t. What is the tens digit of t?
2
Let l(p) = 200*p - 113. Let w be l(1). Let n be 1194/8 + 4/(-16). Let g = w + n. What is the units digit of g?
6
Let v = -183 + 1411. What is the tens digit of (-13)/(13/(-2)) + v?
3
Let o(x) = -8*x + 2*x + 8*x + 11 - 4*x. Let a be o(5). Let v(t) = 185*t**3 - 2*t**2 + 3*t - 2. What is the tens digit of v(a)?
8
Let p = -4 + 6. Suppose 4*a - p*c + 56 = -4, 50 = -3*a + 4*c. Let l(i) = -i**3 - 16*i**2 - 30*i + 27. What is the units digit of l(a)?
5
Let x be (24 + -3 + 3)*(-424)/(-32). Let c = -226 + x. What is the tens digit of c?
9
What is the ten thousands digit of 21/(-8316)*-18 - (-659009)/22?
2
Let f(n) = 5*n**3 + 11*n**2 - 90*n - 237. What is the thousands digit of f(23)?
4
Let u(k) = k**3 - 12*k**2 - 11*k + 12. Let x be u(13). Suppose -4*y - 37 = -p, -5*p + 3*p - 4*y = -x. Suppose 0 = 4*f - 401 + p. What is the tens digit of f?
9
Let l = -49989 + 83650. What is the thousands digit of l?
3
What is the tens digit of (5 - 1918)*(8 + -3 - 9)?
5
Suppose 0 = 5*x - 3*x + 4. Let f = 2 + x. Suppose -l + 2*g + 68 = f, -25 = -4*l + g + 268. What is the units digit of l?
4
Let v(a) = 16*a - 4*a - 4*a**2 - 10*a - 3 - 2*a**3 - 8*a. Let i be v(-2). What is the units digit of (-4)/(48/i) - (-95)/4?
3
Let w = 11929 - 5255. What is the tens digit of w?
7
Suppose 280001 = -31*o + 553029 + 1216894. What is the units digit of o?
2
Let b(r) = 106*r**3 + 3*r**2 + 29*r - 70. What is the tens digit of b(2)?
4
Let a(b) = 83*b + 825. What is the thousands digit of a(38)?
3
Let f(r) = 9*r**3 + 4*r - 21. Suppose -13*d - 239 = -304. What is the thousands digit of f(d)?
1
What is the ten thousands digit of 56309*1 + 210/((-480)/16)?
5
What is the tens digit of ((-728)/(-16) + 2)*4/40*1084?
4
Suppose 74*y = 79*y - 5525. Suppose 0 = 2*u - o - 385 - 160, -5*o = -4*u + y. What is the units digit of u?
0
Let i(o) = 3796*o - 5969. What is the thousands digit of i(20)?
9
Let q be 138/10 + (2/(-10))/(-1). What is the tens digit of 129/((0 - 0) + q/42)?
8
Let w = -235 + 239. What is the units digit of w/6*15/10*565?
5
Let q(h) = 37*h**3 + 2*h**2 + 7*h + 2. Let g be q(4). Let p = g + -1655. What is the hundreds digit of p?
7
Let z(q) = -378*q + 17. Let r(d) = -755*d + 29. Let p(l) = 3*r(l) - 5*z(l). What is the hundreds digit of p(-1)?
3
Suppose -4765 = 23*w - 198738 - 42375. What is the units digit of w?
6
Suppose -19*l = 61 + 243. Let n(o) = 2*o**2 - 18*o + 11. Let b(x) = -x**2 + 19*x - 12. Let d(a) = -3*b(a) - 2*n(a). What is the tens digit of d(l)?
9
Suppose y + 3*q = 7827, 197*q + 7848 = y + 193*q. What is the tens digit of y?
3
Suppose -h = 4*r + 42, -r + 3*r - 2*h + 26 = 0. Let l = -11 - r. Suppose -45 = -2*a - l*a - v, 4*v = 2*a - 70. What is the units digit of a?
5
What is the hundreds digit of 18 + 0 - (-32173 - -82)?
1
Let g(t) = t**3 + 6*t**2 - 10*t - 294. What is the thousands digit of g(19)?
8
Suppose 3*b - a - 4*a - 5261 = 0, 5*b - 5*a - 8755 = 0. Suppose 2*k = -10, t - 2*k = -2*t + b. What is the units digit of t?
9
Let l = 71799 + -35086. What is the units digit of l?
3
Let v(b) be the second derivative of b**5/15 - b**4/6 - 2*b**3 + 8*b**2 - 8*b. Let j(x) be the first derivative of v(x). What is the units digit of j(5)?
8
Let d(s) = -s**2 + 7*s + 9. Suppose -3*g - 2*g + 35 = 0. Let j be d(g). Suppose 82 = j*i - 170. What is the tens digit of i?
2
Let i(d) = d**3 + 17*d**2 - d - 22. Let u be i(-17). Let m be (-75)/(-6)*(-196)/u. Suppose -m = 8*j - 13*j. What is the units digit of j?
8
Suppose -4*v + 58 = -738. Suppose -548 - v = -5*m - 3*s, 5*m - 2*s = 752. Suppose 53*b - 48*b - m = 0. What is the units digit of b?
0
Suppose -2*m + 489 = i, 0 = -4*i + 3*m + 664 + 1314. Let r = 770 - i. What is the hundreds digit of r?
2
Let l(r) = -1 - 34*r + 27*r - 4 + 0*r**2 - r**2. Let k be l(-2). Suppose 4*s - 5*x - 118 = 3*s, -k*x = 2*s - 311. What is the hundreds digit of s?
1
Let b = 51 + -46. Suppose b = -5*y + 15. Suppose -y*n - 5 = -7*n. What is the units digit of n?
1
Suppose -8*d - 32 = -16*d. Suppose -99 = -5*g - 2*w, -2*g - d*w - 49 = -5*g. Let j = g + -11. What is the units digit of j?
8
Suppose -19*r + 70*r = -306. What is the thousands digit of 1756*(38/8 + -4) + r?
1
Suppose 6*n - 8 = 4. Let v be (-2)/3 - (n - 40/6). Suppose v*b - 2*q - 220 = 0, q = -3*b + 2*q + 164. What is the units digit of b?
4
Let k = 16 - 40. What is the tens digit of 4/k + 7851/18?
3
Let i be (1 - (-326)/10)*(14 - -1). Suppose 507*s = i*s + 1149. What is the tens digit of s?
8
Let u(m) = m**3 - 5*m - 6. Let o be u(-3). Let s be o/(-5) + 24/60. Suppose -s*g + 230 = w, 5*g - 1 + 6 = 0. What is the units digit of w?
4
Suppose -74 - 28 = u + z, -z = -4*u - 423. Let y = u - -114. Suppose -y*r = -10*r + 45. What is the tens digit of r?
4
Let j be (-1)/(7/(-2170)) - 5. Suppose -4*p = -139 - j. What is the units digit of p?
1
Suppose 26*y - 25*y + 1 = 0, -14594 = -5*n - y. What is the hundreds digit of n?
9
Let g(x) = x**2 - 3*x + 1. Let w(s) = s**2 + 40*s + 15. Let v(z) = 3*g(z) + w(z). What is the tens digit of v(-16)?
4
Let w be -8*(-2)/4*(-1758)/(-3). Let s = 3323 - w. What is the units digit of s?
9
Let h = 40 + 115. What is the tens digit of 3632/5 + 93/h?
2
Let x = -61 + 63. Suppose 3*m - m - 10 = 0, -x*w - 4*m = -1340. Suppose 5*i - w = c, -3*i + 0*c - c + 396 = 0. What is the units digit of i?
2
Suppose -4*t + 8 = 0, 4*q + 11850 = 9*q + 5*t. What is the hundreds digit of q/(-192)*-8*(-2 + 5)?
2
What is the hundreds digit of (2/(4/(-1)) - (-482565)/30) + 7?
0
What is the units digit of 9975 + 1 - -2 - (-15 + 28 - 11)?
6
Let d be 50/4*7/(280/8208). Suppose -92*a = -89*a - d. What is the hundreds digit of a?
8
Suppose 0 = -3*h - 1017 + 5712. Suppose 0 = 4*r + 5*u - h, 5*r - 8*u + 5*u = 1910. What is the units digit of r?
5
Let f = 509 + -509. Suppose f = -112*q + 105*q + 3528. What is the tens digit of q?
0
Suppose -24*h + 33169 = -63695. Suppose 8*w - h = 2428. What is the tens digit of w?
0
Let m(h) = 309*h**2 + 15*h + 140. What is the ten thousands digit of m(9)?
2
Let c(h) = -3*h**3 - 21*h**2 + 158*h - 93. What is the tens digit of c(-23)?
6
Suppose b + 0*q = -4*q + 9344, -q = 4. Suppose -27*v = -21*v - b. What is the hundreds digit of v?
5
Let y be (-4)/(-2*16) - (-295810)/(-16). What is the tens digit of (-4)/22 - y/44?
2
Let l = 14059 - -21451. What is the units digit of l?
0
Let w(t) = 7071*t**3 - 3*t**2 - 31*t + 33. What is the units digit of w(1)?
0
Let b(p) = p**2 + 8*p + 56. Let v be b(-19). Let u = -162 + v. What is the tens digit of u?
0
Let u(a) = -6*a**2 - 3*a - 4. Let g be u(-2). What is the hundreds digit of g/(-3)*234/4?
4
Suppose 15 = 208*y - 203*y. Let m(s) = 5*s**3 - 2*s**2 - s + 6. What is the units digit of m(y)?
0
Let a(u) = 6 - 4 + 62*u**2 - 3 - 7 + 42*u - 3. What is the thousands digit of a(-6)?
1
Suppose 20*v - 93405 = 2315. What is the units digit of v?
6
Suppose 684 = 6*d - d + 4*s, -4*d + 5*s = -539. Suppose -d = -5*a + a. What is the tens digit of a?
3
Let q(v) = 11495*v**2 - 81*v - 82. What is the tens digit of q(-1)?
9
Suppose -6 = -a, -3*a = 3*k - 17602 - 17. What is the units digit of k?
7
Let k(u) = -u**3 + 41*u**2 - 38*u + 40. Let s be k(39). Suppose 22*j - 9234 + s = 0. What is the units digit of j?
7
Let g(j) = -862*j + 365. What is the hundreds digit of g(-4)?
8
Let r(v) be the second derivative of 11*v**4/2 + 19*v**3/6 - v**2/2 - 85*v. What is the units digit of r(-3)?
6
Suppose 0 = 4*v - 2*i - 99112, 2*i + 10408 = v - 14367. What is the tens digit of v?
7
Let l(u) = -u**3 - 10*u**2 - 4*u - 10. Let w be l(-7). Let q = w + 49. What is the units digit of (-3 - (-54)/4)*q/(-12)?
0
Let k be 1 + -1 - (-9 - -9). Suppose g - 4*o + 8 = 0, 20 = -g - k*g - 2*o. Let v = 26 + g. What is the tens digit of v?
1
Suppose -14*d = -17*d - 2*l + 105149, 0 = 4*d - 5*l - 140168. What is the tens digit of d?
4
Let g(o) = -11*o**3 - 20*o**2 - 29*o - 12. What is the tens digit of g(-6)?
1
Suppose -f + 2*y + 2780 = 0, -5*f + 6796 + 7202 = 4*y. What is the hundreds digit of f?
7
S